{"id":1028,"date":"2025-11-10T18:50:54","date_gmt":"2025-11-10T17:50:54","guid":{"rendered":"https:\/\/eiikkii.fr\/?page_id=1028"},"modified":"2025-11-10T19:04:33","modified_gmt":"2025-11-10T18:04:33","slug":"tarifs","status":"publish","type":"page","link":"https:\/\/eiikkii.fr\/index.php\/tarifs\/","title":{"rendered":"TARIFS"},"content":{"rendered":"\t\t<div data-elementor-type=\"wp-page\" data-elementor-id=\"1028\" class=\"elementor elementor-1028\" data-elementor-post-type=\"page\">\n\t\t\t\t<div class=\"elementor-element elementor-element-da29a50 e-grid e-con-boxed e-con e-parent\" data-id=\"da29a50\" data-element_type=\"container\">\n\t\t\t\t\t<div class=\"e-con-inner\">\n\t\t\t\t<div class=\"elementor-element elementor-element-01dc07d elementor-widget elementor-widget-image\" data-id=\"01dc07d\" data-element_type=\"widget\" data-widget_type=\"image.default\">\n\t\t\t\t<div class=\"elementor-widget-container\">\n\t\t\t\t\t\t\t\t\t\t\t\t\t\t\t<img fetchpriority=\"high\" decoding=\"async\" width=\"1707\" height=\"2560\" src=\"https:\/\/eiikkii.fr\/wp-content\/uploads\/2025\/03\/kyoka-26-scaled.jpg\" class=\"attachment-full size-full wp-image-495\" alt=\"\" srcset=\"https:\/\/eiikkii.fr\/wp-content\/uploads\/2025\/03\/kyoka-26-scaled.jpg 1707w, https:\/\/eiikkii.fr\/wp-content\/uploads\/2025\/03\/kyoka-26-200x300.jpg 200w, https:\/\/eiikkii.fr\/wp-content\/uploads\/2025\/03\/kyoka-26-683x1024.jpg 683w, https:\/\/eiikkii.fr\/wp-content\/uploads\/2025\/03\/kyoka-26-768x1152.jpg 768w\" sizes=\"(max-width: 1707px) 100vw, 1707px\" \/>\t\t\t\t\t\t\t\t\t\t\t\t\t\t\t<\/div>\n\t\t\t\t<\/div>\n\t\t\t\t<div class=\"elementor-element elementor-element-b1eacf3 elementor-widget elementor-widget-text-editor\" data-id=\"b1eacf3\" data-element_type=\"widget\" data-widget_type=\"text-editor.default\">\n\t\t\t\t<div class=\"elementor-widget-container\">\n\t\t\t\t\t\t\t\t\t<h1><strong>SHOOTING MODE<\/strong><\/h1><p>Shooting avec une DA Pouss\u00e9 et un moodboard<\/p><h5><strong>Formule Mode Mini : 200 EUROS <br \/>10 PHOTOS<\/strong><\/h5><h3><strong>Formule Mode : 350 EUROS<\/strong><\/h3><h5><strong>15 PHOTOS<\/strong><\/h5><h3><strong>Formule Mode Premium :\u00a0<\/strong><\/h3><h6>20 PHOTOS<\/h6><h6><strong>Un accompte de 50% est demand\u00e9 avant le shooting. Option Maquillage , stylisme en suppl\u00e9ment<\/strong><\/h6>\t\t\t\t\t\t\t\t<\/div>\n\t\t\t\t<\/div>\n\t\t\t\t\t<\/div>\n\t\t\t\t<\/div>\n\t\t<div class=\"elementor-element elementor-element-8e0be13 e-grid e-con-boxed e-con e-parent\" data-id=\"8e0be13\" data-element_type=\"container\">\n\t\t\t\t\t<div class=\"e-con-inner\">\n\t\t\t\t<div class=\"elementor-element elementor-element-ebe0850 elementor-widget elementor-widget-image\" data-id=\"ebe0850\" data-element_type=\"widget\" data-widget_type=\"image.default\">\n\t\t\t\t<div class=\"elementor-widget-container\">\n\t\t\t\t\t\t\t\t\t\t\t\t\t\t\t<img decoding=\"async\" width=\"683\" height=\"1024\" src=\"https:\/\/eiikkii.fr\/wp-content\/uploads\/2025\/06\/CHEVALIER-ERRANT-dark-9-683x1024.jpg\" class=\"attachment-large size-large wp-image-961\" alt=\"\" srcset=\"https:\/\/eiikkii.fr\/wp-content\/uploads\/2025\/06\/CHEVALIER-ERRANT-dark-9-683x1024.jpg 683w, https:\/\/eiikkii.fr\/wp-content\/uploads\/2025\/06\/CHEVALIER-ERRANT-dark-9-200x300.jpg 200w, https:\/\/eiikkii.fr\/wp-content\/uploads\/2025\/06\/CHEVALIER-ERRANT-dark-9-768x1152.jpg 768w, https:\/\/eiikkii.fr\/wp-content\/uploads\/2025\/06\/CHEVALIER-ERRANT-dark-9-1024x1536.jpg 1024w, https:\/\/eiikkii.fr\/wp-content\/uploads\/2025\/06\/CHEVALIER-ERRANT-dark-9.jpg 1080w\" sizes=\"(max-width: 683px) 100vw, 683px\" \/>\t\t\t\t\t\t\t\t\t\t\t\t\t\t\t<\/div>\n\t\t\t\t<\/div>\n\t\t\t\t<div class=\"elementor-element elementor-element-48920a8 elementor-widget elementor-widget-text-editor\" data-id=\"48920a8\" data-element_type=\"widget\" data-widget_type=\"text-editor.default\">\n\t\t\t\t<div class=\"elementor-widget-container\">\n\t\t\t\t\t\t\t\t\t<h1>\u00a0<\/h1><h1>\u00a0<\/h1><h1><strong>SHOOTING FANTASY\u00a0<\/strong><\/h1><p><strong>Shooting avec une DA Pouss\u00e9 et un moodboard autour de la fantasy , Armure,\u00e9p\u00e9e , on fait de vous le h\u00e9ros de votre histoire<\/strong><\/p><h5><strong>Formule Fantasy mini : 250 EUROS <br \/>10 PHOTOS<\/strong><\/h5><h5><strong>Formule fantasy: 400 EUROS<\/strong><\/h5><h5><strong>15 PHOTOS<\/strong><\/h5><h5><strong>Formule Fantasy premium : 500 EUROS<\/strong><\/h5><h5>20 PHOTOS<\/h5><h6>\u00a0<\/h6><h6><strong>-\u00c9P\u00c9E\u00a0 mise a disposition moyennant suppl\u00e9ment de 25 euros<\/strong><\/h6><h6><strong>&#8211; Armure et tenues mis a disposition en location sur devis.<\/strong><\/h6><h6><strong>&#8211; Un accompte de 50% est demand\u00e9 avant le shooting. Option Maquillage , stylisme en suppl\u00e9ment<\/strong><\/h6>\t\t\t\t\t\t\t\t<\/div>\n\t\t\t\t<\/div>\n\t\t\t\t\t<\/div>\n\t\t\t\t<\/div>\n\t\t\t\t<\/div>\n\t\t","protected":false},"excerpt":{"rendered":"<p>SHOOTING MODE Shooting avec une DA Pouss\u00e9 et un moodboard Formule Mode Mini : 200 EUROS 10 PHOTOS Formule Mode : 350 EUROS 15 PHOTOS Formule Mode Premium :\u00a0 20 PHOTOS Un accompte de 50% est demand\u00e9 avant le shooting. Option Maquillage , stylisme en suppl\u00e9ment \u00a0 \u00a0 SHOOTING FANTASY\u00a0 Shooting avec une DA Pouss\u00e9 [&hellip;]<\/p>\n","protected":false},"author":1,"featured_media":956,"parent":0,"menu_order":0,"comment_status":"closed","ping_status":"closed","template":"","meta":{"footnotes":""},"class_list":["post-1028","page","type-page","status-publish","has-post-thumbnail","hentry"],"yoast_head":"<!-- This site is optimized with the Yoast SEO plugin v24.6 - https:\/\/yoast.com\/wordpress\/plugins\/seo\/ -->\n<title>TARIFS - Eiikkii<\/title>\n<meta name=\"robots\" content=\"index, follow, max-snippet:-1, max-image-preview:large, max-video-preview:-1\" \/>\n<link rel=\"canonical\" href=\"https:\/\/eiikkii.fr\/index.php\/tarifs\/\" \/>\n<meta property=\"og:locale\" content=\"en_US\" \/>\n<meta property=\"og:type\" content=\"article\" \/>\n<meta property=\"og:title\" content=\"TARIFS - Eiikkii\" \/>\n<meta property=\"og:description\" content=\"SHOOTING MODE Shooting avec une DA Pouss\u00e9 et un moodboard Formule Mode Mini : 200 EUROS 10 PHOTOS Formule Mode : 350 EUROS 15 PHOTOS Formule Mode Premium :\u00a0 20 PHOTOS Un accompte de 50% est demand\u00e9 avant le shooting. Option Maquillage , stylisme en suppl\u00e9ment \u00a0 \u00a0 SHOOTING FANTASY\u00a0 Shooting avec une DA Pouss\u00e9 [&hellip;]\" \/>\n<meta property=\"og:url\" content=\"https:\/\/eiikkii.fr\/index.php\/tarifs\/\" \/>\n<meta property=\"og:site_name\" content=\"Eiikkii\" \/>\n<meta property=\"article:modified_time\" content=\"2025-11-10T18:04:33+00:00\" \/>\n<meta property=\"og:image\" content=\"http:\/\/eiikkii.fr\/wp-content\/uploads\/2025\/06\/CHEVALIER-ERRANT-dark-4.jpg\" \/>\n\t<meta property=\"og:image:width\" content=\"1080\" \/>\n\t<meta property=\"og:image:height\" content=\"1620\" \/>\n\t<meta property=\"og:image:type\" content=\"image\/jpeg\" \/>\n<meta name=\"twitter:card\" content=\"summary_large_image\" \/>\n<meta name=\"twitter:label1\" content=\"Est. reading time\" \/>\n\t<meta name=\"twitter:data1\" content=\"1 minute\" \/>\n<script type=\"application\/ld+json\" class=\"yoast-schema-graph\">{\"@context\":\"https:\/\/schema.org\",\"@graph\":[{\"@type\":\"WebPage\",\"@id\":\"https:\/\/eiikkii.fr\/index.php\/tarifs\/\",\"url\":\"https:\/\/eiikkii.fr\/index.php\/tarifs\/\",\"name\":\"TARIFS - Eiikkii\",\"isPartOf\":{\"@id\":\"https:\/\/eiikkii.fr\/#website\"},\"primaryImageOfPage\":{\"@id\":\"https:\/\/eiikkii.fr\/index.php\/tarifs\/#primaryimage\"},\"image\":{\"@id\":\"https:\/\/eiikkii.fr\/index.php\/tarifs\/#primaryimage\"},\"thumbnailUrl\":\"https:\/\/eiikkii.fr\/wp-content\/uploads\/2025\/06\/CHEVALIER-ERRANT-dark-4.jpg\",\"datePublished\":\"2025-11-10T17:50:54+00:00\",\"dateModified\":\"2025-11-10T18:04:33+00:00\",\"breadcrumb\":{\"@id\":\"https:\/\/eiikkii.fr\/index.php\/tarifs\/#breadcrumb\"},\"inLanguage\":\"en-US\",\"potentialAction\":[{\"@type\":\"ReadAction\",\"target\":[\"https:\/\/eiikkii.fr\/index.php\/tarifs\/\"]}]},{\"@type\":\"ImageObject\",\"inLanguage\":\"en-US\",\"@id\":\"https:\/\/eiikkii.fr\/index.php\/tarifs\/#primaryimage\",\"url\":\"https:\/\/eiikkii.fr\/wp-content\/uploads\/2025\/06\/CHEVALIER-ERRANT-dark-4.jpg\",\"contentUrl\":\"https:\/\/eiikkii.fr\/wp-content\/uploads\/2025\/06\/CHEVALIER-ERRANT-dark-4.jpg\",\"width\":1080,\"height\":1620},{\"@type\":\"BreadcrumbList\",\"@id\":\"https:\/\/eiikkii.fr\/index.php\/tarifs\/#breadcrumb\",\"itemListElement\":[{\"@type\":\"ListItem\",\"position\":1,\"name\":\"Accueil\",\"item\":\"https:\/\/eiikkii.fr\/\"},{\"@type\":\"ListItem\",\"position\":2,\"name\":\"TARIFS\"}]},{\"@type\":\"WebSite\",\"@id\":\"https:\/\/eiikkii.fr\/#website\",\"url\":\"https:\/\/eiikkii.fr\/\",\"name\":\"Eiikkii\",\"description\":\"Un site utilisant WordPress\",\"publisher\":{\"@id\":\"https:\/\/eiikkii.fr\/#organization\"},\"potentialAction\":[{\"@type\":\"SearchAction\",\"target\":{\"@type\":\"EntryPoint\",\"urlTemplate\":\"https:\/\/eiikkii.fr\/?s={search_term_string}\"},\"query-input\":{\"@type\":\"PropertyValueSpecification\",\"valueRequired\":true,\"valueName\":\"search_term_string\"}}],\"inLanguage\":\"en-US\"},{\"@type\":\"Organization\",\"@id\":\"https:\/\/eiikkii.fr\/#organization\",\"name\":\"Eiikkii\",\"url\":\"https:\/\/eiikkii.fr\/\",\"logo\":{\"@type\":\"ImageObject\",\"inLanguage\":\"en-US\",\"@id\":\"https:\/\/eiikkii.fr\/#\/schema\/logo\/image\/\",\"url\":\"https:\/\/eiikkii.fr\/wp-content\/uploads\/2025\/03\/LOGO.jpg\",\"contentUrl\":\"https:\/\/eiikkii.fr\/wp-content\/uploads\/2025\/03\/LOGO.jpg\",\"width\":500,\"height\":281,\"caption\":\"Eiikkii\"},\"image\":{\"@id\":\"https:\/\/eiikkii.fr\/#\/schema\/logo\/image\/\"},\"sameAs\":[\"https:\/\/www.instagram.com\/eiikkii\/\",\"https:\/\/www.youtube.com\/@eiikkiii\"]}]}<\/script>\n<!-- \/ Yoast SEO plugin. -->","yoast_head_json":{"title":"TARIFS - Eiikkii","robots":{"index":"index","follow":"follow","max-snippet":"max-snippet:-1","max-image-preview":"max-image-preview:large","max-video-preview":"max-video-preview:-1"},"canonical":"https:\/\/eiikkii.fr\/index.php\/tarifs\/","og_locale":"en_US","og_type":"article","og_title":"TARIFS - Eiikkii","og_description":"SHOOTING MODE Shooting avec une DA Pouss\u00e9 et un moodboard Formule Mode Mini : 200 EUROS 10 PHOTOS Formule Mode : 350 EUROS 15 PHOTOS Formule Mode Premium :\u00a0 20 PHOTOS Un accompte de 50% est demand\u00e9 avant le shooting. Option Maquillage , stylisme en suppl\u00e9ment \u00a0 \u00a0 SHOOTING FANTASY\u00a0 Shooting avec une DA Pouss\u00e9 [&hellip;]","og_url":"https:\/\/eiikkii.fr\/index.php\/tarifs\/","og_site_name":"Eiikkii","article_modified_time":"2025-11-10T18:04:33+00:00","og_image":[{"width":1080,"height":1620,"url":"http:\/\/eiikkii.fr\/wp-content\/uploads\/2025\/06\/CHEVALIER-ERRANT-dark-4.jpg","type":"image\/jpeg"}],"twitter_card":"summary_large_image","twitter_misc":{"Est. reading time":"1 minute"},"schema":{"@context":"https:\/\/schema.org","@graph":[{"@type":"WebPage","@id":"https:\/\/eiikkii.fr\/index.php\/tarifs\/","url":"https:\/\/eiikkii.fr\/index.php\/tarifs\/","name":"TARIFS - Eiikkii","isPartOf":{"@id":"https:\/\/eiikkii.fr\/#website"},"primaryImageOfPage":{"@id":"https:\/\/eiikkii.fr\/index.php\/tarifs\/#primaryimage"},"image":{"@id":"https:\/\/eiikkii.fr\/index.php\/tarifs\/#primaryimage"},"thumbnailUrl":"https:\/\/eiikkii.fr\/wp-content\/uploads\/2025\/06\/CHEVALIER-ERRANT-dark-4.jpg","datePublished":"2025-11-10T17:50:54+00:00","dateModified":"2025-11-10T18:04:33+00:00","breadcrumb":{"@id":"https:\/\/eiikkii.fr\/index.php\/tarifs\/#breadcrumb"},"inLanguage":"en-US","potentialAction":[{"@type":"ReadAction","target":["https:\/\/eiikkii.fr\/index.php\/tarifs\/"]}]},{"@type":"ImageObject","inLanguage":"en-US","@id":"https:\/\/eiikkii.fr\/index.php\/tarifs\/#primaryimage","url":"https:\/\/eiikkii.fr\/wp-content\/uploads\/2025\/06\/CHEVALIER-ERRANT-dark-4.jpg","contentUrl":"https:\/\/eiikkii.fr\/wp-content\/uploads\/2025\/06\/CHEVALIER-ERRANT-dark-4.jpg","width":1080,"height":1620},{"@type":"BreadcrumbList","@id":"https:\/\/eiikkii.fr\/index.php\/tarifs\/#breadcrumb","itemListElement":[{"@type":"ListItem","position":1,"name":"Accueil","item":"https:\/\/eiikkii.fr\/"},{"@type":"ListItem","position":2,"name":"TARIFS"}]},{"@type":"WebSite","@id":"https:\/\/eiikkii.fr\/#website","url":"https:\/\/eiikkii.fr\/","name":"Eiikkii","description":"Un site utilisant WordPress","publisher":{"@id":"https:\/\/eiikkii.fr\/#organization"},"potentialAction":[{"@type":"SearchAction","target":{"@type":"EntryPoint","urlTemplate":"https:\/\/eiikkii.fr\/?s={search_term_string}"},"query-input":{"@type":"PropertyValueSpecification","valueRequired":true,"valueName":"search_term_string"}}],"inLanguage":"en-US"},{"@type":"Organization","@id":"https:\/\/eiikkii.fr\/#organization","name":"Eiikkii","url":"https:\/\/eiikkii.fr\/","logo":{"@type":"ImageObject","inLanguage":"en-US","@id":"https:\/\/eiikkii.fr\/#\/schema\/logo\/image\/","url":"https:\/\/eiikkii.fr\/wp-content\/uploads\/2025\/03\/LOGO.jpg","contentUrl":"https:\/\/eiikkii.fr\/wp-content\/uploads\/2025\/03\/LOGO.jpg","width":500,"height":281,"caption":"Eiikkii"},"image":{"@id":"https:\/\/eiikkii.fr\/#\/schema\/logo\/image\/"},"sameAs":["https:\/\/www.instagram.com\/eiikkii\/","https:\/\/www.youtube.com\/@eiikkiii"]}]}},"_links":{"self":[{"href":"https:\/\/eiikkii.fr\/index.php\/wp-json\/wp\/v2\/pages\/1028","targetHints":{"allow":["GET"]}}],"collection":[{"href":"https:\/\/eiikkii.fr\/index.php\/wp-json\/wp\/v2\/pages"}],"about":[{"href":"https:\/\/eiikkii.fr\/index.php\/wp-json\/wp\/v2\/types\/page"}],"author":[{"embeddable":true,"href":"https:\/\/eiikkii.fr\/index.php\/wp-json\/wp\/v2\/users\/1"}],"replies":[{"embeddable":true,"href":"https:\/\/eiikkii.fr\/index.php\/wp-json\/wp\/v2\/comments?post=1028"}],"version-history":[{"count":10,"href":"https:\/\/eiikkii.fr\/index.php\/wp-json\/wp\/v2\/pages\/1028\/revisions"}],"predecessor-version":[{"id":1041,"href":"https:\/\/eiikkii.fr\/index.php\/wp-json\/wp\/v2\/pages\/1028\/revisions\/1041"}],"wp:featuredmedia":[{"embeddable":true,"href":"https:\/\/eiikkii.fr\/index.php\/wp-json\/wp\/v2\/media\/956"}],"wp:attachment":[{"href":"https:\/\/eiikkii.fr\/index.php\/wp-json\/wp\/v2\/media?parent=1028"}],"curies":[{"name":"wp","href":"https:\/\/api.w.org\/{rel}","templated":true}]}}